- 14. Determine c(f).
-4
Let f(a) = a**2 - 13*a - 7. Let u be ((-255)/187)/((5 + -10)/55). Calculate f(u).
23
Suppose 12*p - 1341 - 2319 = 0. Let d(v) = -2*v + v + 295 - p. What is d(0)?
-10
Let r(i) = 23*i + 4. Let f be r(2). Suppose 5*l - 25 = -f. Let b be l - -6 - (-2 - -2). Let p(h) = 17*h - 1. Give p(b).
16
Let k(i) be the third derivative of -i**4/8 + i**3/6 + i**2. Let s be (-190)/266 + (-208)/91. Calculate k(s).
10
Let h(x) = x**3 - 190*x**2 - 10*x + 1899. Let d be h(190). Let s(w) = -w + 10. Determine s(d).
11
Let b(k) = -k**3 - 67*k**2 - 132*k - 160. Let s be b(-65). Let h(z) = z**2 + 32*z + 49. Determine h(s).
-11
Let j(x) = -2*x**2 + 18*x - 15. Suppose 476 + 19 + 515 = 101*y. Determine j(y).
-35
Suppose 13 = 4*i + 5*h, -1 = 5*h - 6. Let l(p) = 648 - 652 - 3*p + p**i + 9*p. Calculate l(-8).
12
Let c be 2/(-16) - 3945/120. Let v = -39 - c. Let j(z) = z**2 + 7*z - 8. Give j(v).
-14
Let f(y) = y**3 - y**2 - 3*y - 27. Suppose 32 = 5*w - 3*p, 0 = 2*w - 45*p + 43*p - 16. What is f(w)?
9
Let c(u) = 77*u**3 - 8*u**2 - 149*u**3 - 5*u + 1 + 71*u**3. Give c(-6).
-41
Let r(k) be the second derivative of -4*k**3/3 - k**2/2 - 2*k. Let g be ((-342)/5)/(3/10). Let b be (-17)/11 - g/418. What is r(b)?
7
Let y be (0/((-112)/8))/2. Let x(z) = -z + 1. Determine x(y).
1
Let a(o) = 19*o - 43. Let z(x) = -46*x + 83. Let k(u) = 5*a(u) + 2*z(u). Determine k(23).
20
Let d(s) = s**3 - s**2 - 2*s + 80. Let m be (-3 + 3)*10/(-40)*1. What is d(m)?
80
Let j = -22 + 12. Let z = j + 10. Let o(m) = -4 + 2*m - 3*m**2 + z*m**2 + 9*m**2 - m**3. What is o(6)?
8
Let b(r) be the third derivative of r**6/120 - 3*r**5/20 + 13*r**4/24 - r**3/3 - 292*r**2. Determine b(7).
-9
Suppose -4*h - 53 = 107. Let k = h - -43. Let b(r) = -1 - r**2 + r**k - 37*r + 37*r. What is b(2)?
3
Let q(b) be the third derivative of -b**6/120 + b**5/15 + 7*b**4/24 - 3*b**3 + 1958*b**2. What is q(4)?
10
Let d be (((-180)/(-63))/2)/(1/497). Let u = -710 + d. Let s(l) = l + 36. Determine s(u).
36
Let x(g) = 11*g**2 + 5*g - 33. Let f be x(-11). Let k(j) = -2480 + f - 14*j + 1238. Determine k(1).
-13
Let q(k) = 4*k**2 + 16*k - 23. Let c(r) = 13*r**2 + 50*r - 70. Let j(x) = -3*c(x) + 10*q(x). Calculate j(-13).
19
Let y be (36 + -32)/((-2)/(-2) + 1). Let x(h) = 5*h**3 + 16*h**2 - 4*h + 5. Let p(o) = o**3 + 4*o**2 - o + 1. Let t(w) = -9*p(w) + 2*x(w). Determine t(y).
-5
Let p = 15925 + -15899. Let w(r) = -r**3 + 25*r**2 + 24*r + 19. Determine w(p).
-33
Suppose -3*l - 22 = -14*l. Let z(o) = l*o - 3171*o**2 - 16 - 3*o + 3172*o**2. Give z(0).
-16
Let h = -25158 - -25169. Let w(z) = -4*z + 24. Calculate w(h).
-20
Suppose 4*y - r + 37 = 0, 0 = -3*y + 3*r - 7 - 23. Let o(h) = 5*h + 23. What is o(y)?
-22
Suppose 12 = -2*g + 3*g. Let k(p) = -7*p**3 - 8*p**2 - p + 1. Let n(w) = 5*w**3 + 9*w**2 + w - 1. Let q(x) = -3*k(x) - 4*n(x). What is q(g)?
-11
Suppose 2*r + 2 = 0, 121*r - 28 = -2*w + 119*r. Let o(f) = f**3 - 16*f**2 + 13*f + 22. Determine o(w).
-8
Let b(l) = -9*l**3 + 13*l**2 + 2*l + 1. Let g(m) = 1 - 2*m**3 + m - 5*m**2 - 3*m**3 + 12*m**2. Let a = -136 + 129. Let v(y) = a*g(y) + 4*b(y). Determine v(3).
0
Let l(b) be the third derivative of b**5/120 + 5*b**4/12 - 2*b**3 - 9*b**2. Let n(y) be the first derivative of l(y). Let t = 28 + -35. Determine n(t).
3
Let y(w) = -2*w**2 - 33*w - 73. Let p be y(-14). Let n(s) = s. Let h(r) = -8*r. Let v(b) = 6*h(b) + 42*n(b). Determine v(p).
18
Let a(z) be the third derivative of z**5/60 - 2*z**3/3 + 40*z**2 - 83*z + 2. Suppose 0*h + h - 5*v = -19, 20 = 4*v. What is a(h)?
32
Let y = -8 + 2. Let g = 4 + y. Let u(n) = 6379 - 6377 - 7*n + n + 8*n. Calculate u(g).
-2
Suppose 0 = -a - 3*h - 3, -3*h - 14 = 2*a - 2. Let l(o) = 1 + 8*o - 10*o**2 - o**3 + 4 + 6 - 3 - 16*o. Give l(a).
-1
Let d be 65 + -21 + -32 + (-12 - -2). Let k(r) be the first derivative of 3/2*r**2 - 1 - r. Determine k(d).
5
Let u(i) = -i**3 + 9*i**2 + 52*i + 8. Let w be 1*((-48)/(-6) + 5). Determine u(w).
8
Let x(p) be the first derivative of 5*p**2/2 - 4*p + 5496. Let c(q) = q**3 + 5*q**2 - 3. Let l be c(-5). What is x(l)?
-19
Let r be 20/2*(-9)/(-18). Let w(u) = u**2 + 6*u + 51. Let q be w(-12). Let o(k) = -61*k**2 + k**3 + q*k**2 - 59*k**2 - r*k. Give o(-4).
4
Let z(q) = -23*q - 3. Let s(v) = -22263 + 13*v + 22264 - 6*v. Let x(f) = 6*s(f) + 2*z(f). Determine x(-2).
8
Let t(n) be the third derivative of -n**5/60 + n**4/3 + 7*n**3 + 2*n**2 - 3. Let p be t(12). Let b(s) = -s**2 - 7*s - 5. What is b(p)?
1
Let t = -16752 - -16753. Let u(m) be the second derivative of 1/6*m**3 + 0*m**4 - 1/2*m**2 - 1/4*m**5 + 0 + m. Determine u(t).
-5
Let i(j) = 87*j - 7. Let k(z) = 764*z - 64. Let p(u) = 44*i(u) - 5*k(u). Give p(-7).
-44
Let v(r) = 10*r**2 - 9*r + 1. Let w(t) = -31*t**2 + 25*t - 3. Let q(h) = 11*v(h) + 4*w(h). Let f(l) = 3*l**2 - l + 1. Let s(p) = 4*f(p) + q(p). Calculate s(-3).
-6
Let g(t) = t**3 - 3*t**2 - 4*t - 1. Suppose 3*p - 28 + 22 = 0. Suppose p*b + l = 5, 0 = 5*b - 4*b + 3*l - 15. Suppose b = 7*c - 4*c - 12. Calculate g(c).
-1
Suppose 0*f + 4*y - 20 = -4*f, -2*y = 5*f - 25. Let k be (-5)/(-10) - f/(-2). Let g(i) = -i**2 - 4*i - i - k*i - 7 - 2*i. What is g(-9)?
2
Let f(y) = -y**3 - 37*y**2 + 10*y + 104. Let q(p) = 2*p**3 + 65*p**2 - 20*p - 206. Let g(w) = 5*f(w) + 3*q(w). What is g(-10)?
2
Let l be (16/(-10))/(((-51)/15 - -2) + 1). Let f(o) be the third derivative of 0*o - 1/120*o**6 + 15*o**2 + 0*o**5 + 5/6*o**3 + 0*o**l + 0. What is f(0)?
5
Let l(w) be the third derivative of 11*w**4/24 - 2*w**3 - 92*w**2 + w + 2. Give l(2).
10
Suppose 2*o = -4*u + 6, -u - 3*o - 6 = -5*o. Let m(c) = u - 2*c + 4*c + 1. Let i be (2 - 13/((-650)/(-105))) + (-366)/(-60). Determine m(i).
13
Let y(t) = t**3 - 6*t**2 - 23*t + 28. Let z(l) = l**2 + 3*l + 2. Let c(q) = y(q) + 3*z(q). Determine c(4).
-6
Suppose -305 - 136 = -3*r. Let v = -155 + r. Let m(z) = -z**3 - 7*z**2 + 7*z - 11. Give m(v).
-3
Let b(c) = c**3 - c**2 - 4*c - 2. Let t(s) = 47*s - 4. Let g be t(5). Let a = g + -234. Calculate b(a).
-26
Let s = 41 - 30. Suppose 2*a = -2*i - 4, a - 5*a - 3*i = s. Let r be (-1)/a + 80/100. Let w(z) = 3*z**3 - z**2 - z + 1. What is w(r)?
2
Let q(h) = h**2 - 2*h - 1. Suppose 4*c + 0*c = -24. Let o = c - -4. What is q(o)?
7
Let x(l) = -2*l**2 - 18*l - 19. Let h be x(-1). Let n(v) = 9*v**2 - 2*v - 6. Calculate n(h).
81
Let o(z) = z**3 + 22*z**2 - 23*z - 22. Suppose 31*w = -428 - 378 + 93. Determine o(w).
-22
Let a(k) = -3*k**2 + 29*k + 41. Let h(t) = -t**2 + 15*t + 23. Let u(i) = 2*a(i) - 5*h(i). What is u(-2)?
-3
Let l(g) be the second derivative of -7*g**4/12 + g**2/2 - g. Suppose 12*a = 193 + 11. Suppose u = -4*y + a, -2*y + 17 = 4*u + 5. Determine l(u).
-6
Let b(h) = 49*h + 535. Let s(z) = -348*z - 3748. Let u(p) = 43*b(p) + 6*s(p). Calculate u(-27).
4
Let m(p) = 0*p + 2*p - 3*p - 8. Let w(j) = -7*j**2 + 6*j + 8. Let q be w(7). Let c = q - -293. Calculate m(c).
-8
Let d = -164 - -168. Let h be (1/d)/(8 + (-315)/40). Let q(t) = -5*t - 8. Let y(o) = 6*o + 7. Let n(v) = 5*q(v) + 6*y(v). Give n(h).
24
Let g be ((-36)/8 + 3)/(3/(-20)). Let c(a) = 15*a**2 + 15*a**2 - 5 - 31*a**2 + 11*a. Give c(g).
5
Let m(d) = d**3 + 27*d**2 + 26*d - 19. Suppose -88*z = -42*z - 3*z + 1118. Calculate m(z).
-19
Let j(z) = 5 + 124*z - 152*z + 27*z. What is j(-3)?
8
Let q(r) be the third derivative of 11*r**5/60 - r**4/12 - r**3/3 - r**2. Suppose -4*k = 4*u - 36, -2*k - 169*u + 165*u + 32 = 0. Determine q(k).
38
Let s(d) = d**2 - 3*d + 4. Let v be s(1). Let k be ((-2)/(-8))/(36/16 - v). Let c(o) = o + k - 3*o - o - 4*o. Determine c(-1).
8
Let y(d) = d**3 - 11*d**2 + 2*d + 8. Let j(h) = h**2 - 9*h - 41. Suppose 14 = -15*k - 46. Let u be j(k). What is y(u)?
30
Let p(b) = 1229*b - 2. Let s be p(0). Let k(i) = i**3 - 3*i**2 - i - 1. Determine k(s).
-19
Let m(t) = -3*t + 1 + 0 + t + 0. Let k = 986 - 990. Calculate m(k).
9
Let x = -3035 + 3046. Let n(k) = -5*k - 2. Give n(x).
-57
Let i(s) = s**3 + 6*s**2 - 16*s - 1. Let k(h) = -h**2 + 20*h - 34. Let b be k(18). Let f be b/((-30)/111) - (-12)/(-20). Determine i(f).
-1
Let f(n) = -4*n + n - 3 + 2 - 2*n. Let b be (7 - 3/3)/((-12)/8). Determine f(b).
19
Let v(m) = 2*m - 2. Let r be v(-9). Let l(b) = -b**3 - 19*b**2 + 19*b - 16. Let x be l(r). Suppose 0*a = a - x. Let i(d) = -d**2 + 3*d - 5. Determine i(a).
-9
Le